{"id":9,"date":"2015-01-12T15:42:21","date_gmt":"2015-01-12T15:42:21","guid":{"rendered":"https:\/\/2015.krakow.wordcamp.org\/location\/"},"modified":"2015-08-24T10:06:58","modified_gmt":"2015-08-24T08:06:58","slug":"lokalizacja","status":"publish","type":"page","link":"https:\/\/krakow.wordcamp.org\/2015\/lokalizacja\/","title":{"rendered":"Lokalizacja"},"content":{"rendered":"<p><strong>WordCamp Polska<\/strong> jest najwa\u017cniejszym wydarzeniem dla polskiej spo\u0142eczno\u015bci WordPress, powinien wi\u0119c odby\u0107 si\u0119 w nietuzinkowym miejscu. Dlatego WordCamp 2015 w Krakowie odb\u0119dzie si\u0119 w najnowocze\u015bniejszym w Polsce Centrum Kongresowym <a href=\"http:\/\/www.icekrakow.pl\/\" target=\"_blank\">ICE Krak\u00f3w<\/a>, po\u0142o\u017conym przy Rondzie Grunwaldzkim, w samym sercu Krakowa, naprzeciw Wzg\u00f3rza Wawelskiego.<\/p>\n<p>Centrum ICE Krak\u00f3w mie\u015bci si\u0119 przy ul. Marii Konopnickiej 17, zaledwie 20 minut piechot\u0105 od Starego Rynku.<\/p>\n<p><img data-recalc-dims=\"1\" loading=\"lazy\" decoding=\"async\" data-attachment-id=\"231\" data-permalink=\"https:\/\/krakow.wordcamp.org\/2015\/lokalizacja\/1-fot-wojciech-wandzel-www-wandzelphoto-com\/\" data-orig-file=\"https:\/\/i0.wp.com\/krakow.wordcamp.org\/2015\/files\/2015\/04\/1.-Fot.-Wojciech-Wandzel-www.wandzelphoto.com_.jpg?fit=5431%2C3621&amp;ssl=1\" data-orig-size=\"5431,3621\" data-comments-opened=\"1\" data-image-meta=\"{&quot;aperture&quot;:&quot;0&quot;,&quot;credit&quot;:&quot;Wojciech Wandzel&quot;,&quot;camera&quot;:&quot;&quot;,&quot;caption&quot;:&quot;&quot;,&quot;created_timestamp&quot;:&quot;0&quot;,&quot;copyright&quot;:&quot;photo: Wojciech Wandzel\\rwww.WandzelPhoto.com&quot;,&quot;focal_length&quot;:&quot;0&quot;,&quot;iso&quot;:&quot;0&quot;,&quot;shutter_speed&quot;:&quot;0&quot;,&quot;title&quot;:&quot;&quot;,&quot;orientation&quot;:&quot;0&quot;}\" data-image-title=\"1. Fot. Wojciech Wandzel, www.wandzelphoto.com\" data-image-description=\"\" data-image-caption=\"\" data-medium-file=\"https:\/\/i0.wp.com\/krakow.wordcamp.org\/2015\/files\/2015\/04\/1.-Fot.-Wojciech-Wandzel-www.wandzelphoto.com_.jpg?fit=300%2C200&amp;ssl=1\" data-large-file=\"https:\/\/i0.wp.com\/krakow.wordcamp.org\/2015\/files\/2015\/04\/1.-Fot.-Wojciech-Wandzel-www.wandzelphoto.com_.jpg?fit=850%2C567&amp;ssl=1\" class=\"alignnone wp-image-231 size-large\" src=\"https:\/\/i0.wp.com\/2015.krakow.wordcamp.org\/files\/2015\/04\/1.-Fot.-Wojciech-Wandzel-www.wandzelphoto.com_-1024x683.jpg?resize=850%2C567&#038;ssl=1\" alt=\"1. Fot. Wojciech Wandzel, www.wandzelphoto.com\" width=\"850\" height=\"567\" srcset=\"https:\/\/i0.wp.com\/krakow.wordcamp.org\/2015\/files\/2015\/04\/1.-Fot.-Wojciech-Wandzel-www.wandzelphoto.com_.jpg?resize=1024%2C683&amp;ssl=1 1024w, https:\/\/i0.wp.com\/krakow.wordcamp.org\/2015\/files\/2015\/04\/1.-Fot.-Wojciech-Wandzel-www.wandzelphoto.com_.jpg?resize=300%2C200&amp;ssl=1 300w, https:\/\/i0.wp.com\/krakow.wordcamp.org\/2015\/files\/2015\/04\/1.-Fot.-Wojciech-Wandzel-www.wandzelphoto.com_.jpg?resize=450%2C300&amp;ssl=1 450w, https:\/\/i0.wp.com\/krakow.wordcamp.org\/2015\/files\/2015\/04\/1.-Fot.-Wojciech-Wandzel-www.wandzelphoto.com_.jpg?w=1700&amp;ssl=1 1700w, https:\/\/i0.wp.com\/krakow.wordcamp.org\/2015\/files\/2015\/04\/1.-Fot.-Wojciech-Wandzel-www.wandzelphoto.com_.jpg?w=2550&amp;ssl=1 2550w\" sizes=\"auto, (max-width: 850px) 100vw, 850px\" \/><\/p>\n<p>Spotkania b\u0119d\u0105 mia\u0142y miejsce w Sali Kameralnej, na III pi\u0119trze Centrum, w kt\u00f3rej ugo\u015bcimy 300 mi\u0142o\u015bnik\u00f3w WordPressa.<\/p>\n<p><img data-recalc-dims=\"1\" loading=\"lazy\" decoding=\"async\" data-attachment-id=\"227\" data-permalink=\"https:\/\/krakow.wordcamp.org\/2015\/lokalizacja\/img_5117_enfuze\/\" data-orig-file=\"https:\/\/i0.wp.com\/krakow.wordcamp.org\/2015\/files\/2015\/04\/IMG_5117_enfuze.jpg?fit=5472%2C3648&amp;ssl=1\" data-orig-size=\"5472,3648\" data-comments-opened=\"1\" data-image-meta=\"{&quot;aperture&quot;:&quot;0&quot;,&quot;credit&quot;:&quot;Wojciech Wandzel&quot;,&quot;camera&quot;:&quot;&quot;,&quot;caption&quot;:&quot;&quot;,&quot;created_timestamp&quot;:&quot;0&quot;,&quot;copyright&quot;:&quot;photo: Wojciech Wandzel\\rwww.WandzelPhoto.com&quot;,&quot;focal_length&quot;:&quot;0&quot;,&quot;iso&quot;:&quot;0&quot;,&quot;shutter_speed&quot;:&quot;0&quot;,&quot;title&quot;:&quot;&quot;,&quot;orientation&quot;:&quot;0&quot;}\" data-image-title=\"IMG_5117_enfuze\" data-image-description=\"\" data-image-caption=\"\" data-medium-file=\"https:\/\/i0.wp.com\/krakow.wordcamp.org\/2015\/files\/2015\/04\/IMG_5117_enfuze.jpg?fit=300%2C200&amp;ssl=1\" data-large-file=\"https:\/\/i0.wp.com\/krakow.wordcamp.org\/2015\/files\/2015\/04\/IMG_5117_enfuze.jpg?fit=850%2C567&amp;ssl=1\" class=\"aligncenter size-large wp-image-227\" src=\"https:\/\/i0.wp.com\/2015.krakow.wordcamp.org\/files\/2015\/04\/IMG_5117_enfuze-1024x683.jpg?resize=850%2C567&#038;ssl=1\" alt=\"IMG_5117_enfuze\" width=\"850\" height=\"567\" srcset=\"https:\/\/i0.wp.com\/krakow.wordcamp.org\/2015\/files\/2015\/04\/IMG_5117_enfuze.jpg?resize=1024%2C683&amp;ssl=1 1024w, https:\/\/i0.wp.com\/krakow.wordcamp.org\/2015\/files\/2015\/04\/IMG_5117_enfuze.jpg?resize=300%2C200&amp;ssl=1 300w, https:\/\/i0.wp.com\/krakow.wordcamp.org\/2015\/files\/2015\/04\/IMG_5117_enfuze.jpg?resize=450%2C300&amp;ssl=1 450w, https:\/\/i0.wp.com\/krakow.wordcamp.org\/2015\/files\/2015\/04\/IMG_5117_enfuze.jpg?w=1700&amp;ssl=1 1700w, https:\/\/i0.wp.com\/krakow.wordcamp.org\/2015\/files\/2015\/04\/IMG_5117_enfuze.jpg?w=2550&amp;ssl=1 2550w\" sizes=\"auto, (max-width: 850px) 100vw, 850px\" \/><\/p>\n","protected":false},"excerpt":{"rendered":"<p>WordCamp Polska jest najwa\u017cniejszym wydarzeniem dla polskiej spo\u0142eczno\u015bci WordPress, powinien wi\u0119c odby\u0107 si\u0119 w nietuzinkowym miejscu. Dlatego WordCamp 2015 w Krakowie odb\u0119dzie si\u0119 w najnowocze\u015bniejszym w Polsce Centrum Kongresowym ICE Krak\u00f3w, po\u0142o\u017conym przy Rondzie Grunwaldzkim, w samym sercu Krakowa, naprzeciw Wzg\u00f3rza Wawelskiego. Centrum ICE Krak\u00f3w mie\u015bci si\u0119 przy ul. Marii Konopnickiej 17, zaledwie 20 minut &hellip; <a href=\"https:\/\/krakow.wordcamp.org\/2015\/lokalizacja\/\" class=\"more-link\">Czytaj dalej <span class=\"screen-reader-text\">Lokalizacja<\/span> <span class=\"meta-nav\">&rarr;<\/span><\/a><\/p>\n","protected":false},"author":7315828,"featured_media":0,"parent":0,"menu_order":0,"comment_status":"open","ping_status":"open","template":"","meta":{"jetpack_post_was_ever_published":false,"footnotes":""},"class_list":["post-9","page","type-page","status-publish","hentry"],"jetpack_sharing_enabled":true,"jetpack_shortlink":"https:\/\/wp.me\/P5BkXW-9","_links":{"self":[{"href":"https:\/\/krakow.wordcamp.org\/2015\/wp-json\/wp\/v2\/pages\/9","targetHints":{"allow":["GET"]}}],"collection":[{"href":"https:\/\/krakow.wordcamp.org\/2015\/wp-json\/wp\/v2\/pages"}],"about":[{"href":"https:\/\/krakow.wordcamp.org\/2015\/wp-json\/wp\/v2\/types\/page"}],"author":[{"embeddable":true,"href":"https:\/\/krakow.wordcamp.org\/2015\/wp-json\/wp\/v2\/users\/7315828"}],"replies":[{"embeddable":true,"href":"https:\/\/krakow.wordcamp.org\/2015\/wp-json\/wp\/v2\/comments?post=9"}],"version-history":[{"count":22,"href":"https:\/\/krakow.wordcamp.org\/2015\/wp-json\/wp\/v2\/pages\/9\/revisions"}],"predecessor-version":[{"id":2655,"href":"https:\/\/krakow.wordcamp.org\/2015\/wp-json\/wp\/v2\/pages\/9\/revisions\/2655"}],"wp:attachment":[{"href":"https:\/\/krakow.wordcamp.org\/2015\/wp-json\/wp\/v2\/media?parent=9"}],"curies":[{"name":"wp","href":"https:\/\/api.w.org\/{rel}","templated":true}]}}