{"id":2664,"date":"2024-05-20T22:41:57","date_gmt":"2024-05-20T20:41:57","guid":{"rendered":"https:\/\/krakow.wordcamp.org\/2024\/?page_id=2664"},"modified":"2024-06-11T17:10:56","modified_gmt":"2024-06-11T15:10:56","slug":"patronaty","status":"publish","type":"page","link":"https:\/\/krakow.wordcamp.org\/2024\/patronaty\/","title":{"rendered":"Patronaty"},"content":{"rendered":"\n<div class=\"wp-block-group alignwide wckrk-sponsors has-background is-layout-flow wp-block-group-is-layout-flow\" style=\"background-color:#dedede82;margin-top:var(--wp--preset--spacing--40);margin-bottom:0;padding-top:var(--wp--preset--spacing--20);padding-right:var(--wp--preset--spacing--20);padding-bottom:var(--wp--preset--spacing--20);padding-left:var(--wp--preset--spacing--20)\">\n<div class=\"wp-block-columns is-layout-flex wp-container-core-columns-is-layout-28f84493 wp-block-columns-is-layout-flex\">\n<div class=\"wp-block-column is-layout-flow wp-container-core-column-is-layout-f5bb311e wp-block-column-is-layout-flow\">\n<h2 class=\"wp-block-heading has-text-align-center is-style-default\">WordCamp Krak\u00f3w medialnie nag\u0142a\u015bniaj\u0105 \ud83c\udf1f<\/h2>\n\n\n\n<div class=\"wp-block-group wckrk-sponsors-micro has-global-padding is-layout-constrained wp-block-group-is-layout-constrained\">\n<figure class=\"wp-block-image size-full\"><a href=\"https:\/\/www.famka.pl\/\" target=\"_blank\" rel=\"noreferrer noopener\"><img data-recalc-dims=\"1\" loading=\"lazy\" decoding=\"async\" width=\"140\" height=\"100\" src=\"https:\/\/i0.wp.com\/krakow.wordcamp.org\/2024\/files\/2024\/05\/radio-famka.webp?resize=140%2C100&#038;ssl=1\" alt=\"\" class=\"wp-image-2665\" \/><\/a><\/figure>\n\n\n\n<figure class=\"wp-block-image size-full\"><a href=\"https:\/\/akademiazdalna.pl\/\" target=\"_blank\" rel=\"noreferrer noopener\"><img data-recalc-dims=\"1\" loading=\"lazy\" decoding=\"async\" width=\"1150\" height=\"623\" src=\"https:\/\/i0.wp.com\/krakow.wordcamp.org\/2024\/files\/2024\/05\/logo-elawolinska-AZ.png?resize=1150%2C623&#038;ssl=1\" alt=\"\" class=\"wp-image-2669\" srcset=\"https:\/\/i0.wp.com\/krakow.wordcamp.org\/2024\/files\/2024\/05\/logo-elawolinska-AZ.png?w=1150&amp;ssl=1 1150w, https:\/\/i0.wp.com\/krakow.wordcamp.org\/2024\/files\/2024\/05\/logo-elawolinska-AZ.png?resize=300%2C163&amp;ssl=1 300w, https:\/\/i0.wp.com\/krakow.wordcamp.org\/2024\/files\/2024\/05\/logo-elawolinska-AZ.png?resize=1024%2C555&amp;ssl=1 1024w, https:\/\/i0.wp.com\/krakow.wordcamp.org\/2024\/files\/2024\/05\/logo-elawolinska-AZ.png?resize=768%2C416&amp;ssl=1 768w, https:\/\/i0.wp.com\/krakow.wordcamp.org\/2024\/files\/2024\/05\/logo-elawolinska-AZ.png?resize=500%2C271&amp;ssl=1 500w\" sizes=\"auto, (max-width: 1000px) 100vw, 1000px\" \/><\/a><\/figure>\n\n\n\n<figure class=\"wp-block-image size-full\"><a href=\"https:\/\/crossweb.pl\/wydarzenia\/wordcamp-krakow-2024\/\" target=\"_blank\" rel=\"noreferrer noopener\"><img data-recalc-dims=\"1\" loading=\"lazy\" decoding=\"async\" width=\"2000\" height=\"2000\" src=\"https:\/\/i0.wp.com\/krakow.wordcamp.org\/2024\/files\/2024\/05\/crossweb.png?resize=2000%2C2000&#038;ssl=1\" alt=\"\" class=\"wp-image-2667\" srcset=\"https:\/\/i0.wp.com\/krakow.wordcamp.org\/2024\/files\/2024\/05\/crossweb.png?w=2000&amp;ssl=1 2000w, https:\/\/i0.wp.com\/krakow.wordcamp.org\/2024\/files\/2024\/05\/crossweb.png?resize=300%2C300&amp;ssl=1 300w, https:\/\/i0.wp.com\/krakow.wordcamp.org\/2024\/files\/2024\/05\/crossweb.png?resize=1024%2C1024&amp;ssl=1 1024w, https:\/\/i0.wp.com\/krakow.wordcamp.org\/2024\/files\/2024\/05\/crossweb.png?resize=150%2C150&amp;ssl=1 150w, https:\/\/i0.wp.com\/krakow.wordcamp.org\/2024\/files\/2024\/05\/crossweb.png?resize=768%2C768&amp;ssl=1 768w, https:\/\/i0.wp.com\/krakow.wordcamp.org\/2024\/files\/2024\/05\/crossweb.png?resize=1536%2C1536&amp;ssl=1 1536w\" sizes=\"auto, (max-width: 1000px) 100vw, 1000px\" \/><\/a><\/figure>\n<\/div>\n<\/div>\n<\/div>\n<\/div>\n","protected":false},"excerpt":{"rendered":"<p>WordCamp Krak\u00f3w medialnie nag\u0142a\u015bniaj\u0105 \ud83c\udf1f<\/p>\n","protected":false},"author":1014234,"featured_media":0,"parent":0,"menu_order":0,"comment_status":"closed","ping_status":"closed","template":"","meta":{"jetpack_post_was_ever_published":false,"footnotes":""},"class_list":["post-2664","page","type-page","status-publish","hentry"],"jetpack_sharing_enabled":true,"_links":{"self":[{"href":"https:\/\/krakow.wordcamp.org\/2024\/wp-json\/wp\/v2\/pages\/2664","targetHints":{"allow":["GET"]}}],"collection":[{"href":"https:\/\/krakow.wordcamp.org\/2024\/wp-json\/wp\/v2\/pages"}],"about":[{"href":"https:\/\/krakow.wordcamp.org\/2024\/wp-json\/wp\/v2\/types\/page"}],"author":[{"embeddable":true,"href":"https:\/\/krakow.wordcamp.org\/2024\/wp-json\/wp\/v2\/users\/1014234"}],"replies":[{"embeddable":true,"href":"https:\/\/krakow.wordcamp.org\/2024\/wp-json\/wp\/v2\/comments?post=2664"}],"version-history":[{"count":4,"href":"https:\/\/krakow.wordcamp.org\/2024\/wp-json\/wp\/v2\/pages\/2664\/revisions"}],"predecessor-version":[{"id":2840,"href":"https:\/\/krakow.wordcamp.org\/2024\/wp-json\/wp\/v2\/pages\/2664\/revisions\/2840"}],"wp:attachment":[{"href":"https:\/\/krakow.wordcamp.org\/2024\/wp-json\/wp\/v2\/media?parent=2664"}],"curies":[{"name":"wp","href":"https:\/\/api.w.org\/{rel}","templated":true}]}}