{"id":584,"date":"2024-02-12T11:54:10","date_gmt":"2024-02-12T10:54:10","guid":{"rendered":"https:\/\/krakow.wordcamp.org\/2024\/?page_id=584"},"modified":"2024-05-27T21:36:40","modified_gmt":"2024-05-27T19:36:40","slug":"oferta-sponsorska","status":"publish","type":"page","link":"https:\/\/krakow.wordcamp.org\/2024\/sponsorzy\/oferta-sponsorska\/","title":{"rendered":"Oferta sponsorska"},"content":{"rendered":"\n<div class=\"wp-block-columns alignwide are-vertically-aligned-center is-layout-flex wp-container-core-columns-is-layout-ef350914 wp-block-columns-is-layout-flex\" style=\"padding-top:var(--wp--preset--spacing--30);padding-bottom:var(--wp--preset--spacing--30)\">\n<div class=\"wp-block-column is-vertically-aligned-center has-global-padding is-content-justification-center is-layout-constrained wp-container-core-column-is-layout-4436cfa6 wp-block-column-is-layout-constrained\">\n<h2 class=\"wp-block-heading has-text-align-center\"><strong>Poznaj pakiety<\/strong><\/h2>\n\n\n\n<p class=\"has-text-align-center\">Sponsoring WordCampa to doskona\u0142a okazja, by przedstawi\u0107 us\u0142ugi i ofert\u0119 swojej firmy polskiej spo\u0142eczno\u015bci entuzjast\u00f3w WordPressa. <\/p>\n<\/div>\n<\/div>\n\n\n\n<div class=\"wp-block-columns alignwide is-layout-flex wp-container-core-columns-is-layout-28f84493 wp-block-columns-is-layout-flex\">\n<div class=\"wp-block-column is-layout-flow wp-block-column-is-layout-flow\">\n<figure class=\"wp-block-table is-style-stripes\"><table><thead><tr><th><br>PAKIET<\/th><th class=\"has-text-align-center\" data-align=\"center\">Z\u0141OTO<\/th><th class=\"has-text-align-center\" data-align=\"center\">SREBRO<\/th><th class=\"has-text-align-center\" data-align=\"center\">BR\u0104Z<\/th><th class=\"has-text-align-center\" data-align=\"center\">MIKROSPONSOR<\/th><\/tr><\/thead><tbody><tr><td>Bilety na WordCamp Krak\u00f3w<\/td><td class=\"has-text-align-center\" data-align=\"center\">12<\/td><td class=\"has-text-align-center\" data-align=\"center\">6<\/td><td class=\"has-text-align-center\" data-align=\"center\">3<\/td><td class=\"has-text-align-center\" data-align=\"center\">1<\/td><\/tr><tr><td>Logo z linkiem na stronie g\u0142\u00f3wnej<\/td><td class=\"has-text-align-center\" data-align=\"center\">\u2714\ufe0f<\/td><td class=\"has-text-align-center\" data-align=\"center\"><\/td><td class=\"has-text-align-center\" data-align=\"center\"><\/td><td class=\"has-text-align-center\" data-align=\"center\"><\/td><\/tr><tr><td>Wzmianka w Radio FAMKA w audycjach promuj\u0105cych WordCamp Krak\u00f3w<\/td><td class=\"has-text-align-center\" data-align=\"center\">\u2714\ufe0f<\/td><td class=\"has-text-align-center\" data-align=\"center\"><\/td><td class=\"has-text-align-center\" data-align=\"center\"><\/td><td class=\"has-text-align-center\" data-align=\"center\"><\/td><\/tr><tr><td>Logo w prezentacji mi\u0119dzy prelekcjami<\/td><td class=\"has-text-align-center\" data-align=\"center\">\u2714\ufe0f<\/td><td class=\"has-text-align-center\" data-align=\"center\"><\/td><td class=\"has-text-align-center\" data-align=\"center\"><\/td><td class=\"has-text-align-center\" data-align=\"center\"><\/td><\/tr><tr><td>Logo na \u015bciance sponsorskiej<\/td><td class=\"has-text-align-center\" data-align=\"center\">\u2714\ufe0f<\/td><td class=\"has-text-align-center\" data-align=\"center\">\u2714\ufe0f<\/td><td class=\"has-text-align-center\" data-align=\"center\"><\/td><td class=\"has-text-align-center\" data-align=\"center\"><\/td><\/tr><tr><td>Dedykowany wpis na blogu*<\/td><td class=\"has-text-align-center\" data-align=\"center\">2<\/td><td class=\"has-text-align-center\" data-align=\"center\">1<\/td><td class=\"has-text-align-center\" data-align=\"center\"><\/td><td class=\"has-text-align-center\" data-align=\"center\"><\/td><\/tr><tr><td>Mo\u017cliwo\u015b\u0107 wyg\u0142oszenia niesprzeda\u017cowej prezentacji sponsorowanej<\/td><td class=\"has-text-align-center\" data-align=\"center\">\u2714\ufe0f<\/td><td class=\"has-text-align-center\" data-align=\"center\">\u2714\ufe0f<\/td><td class=\"has-text-align-center\" data-align=\"center\"><\/td><td class=\"has-text-align-center\" data-align=\"center\"><\/td><\/tr><tr><td>Informacja o sponsorze w kana\u0142ach spo\u0142eczno\u015bciowych WordCamp Krak\u00f3w<\/td><td class=\"has-text-align-center\" data-align=\"center\">5<\/td><td class=\"has-text-align-center\" data-align=\"center\">3<\/td><td class=\"has-text-align-center\" data-align=\"center\">1<\/td><td class=\"has-text-align-center\" data-align=\"center\"><\/td><\/tr><tr><td>Podzi\u0119kowanie w mailingu do uczestnik\u00f3w<\/td><td class=\"has-text-align-center\" data-align=\"center\">\u2714\ufe0f<\/td><td class=\"has-text-align-center\" data-align=\"center\">\u2714\ufe0f<\/td><td class=\"has-text-align-center\" data-align=\"center\">\u2714\ufe0f<\/td><td class=\"has-text-align-center\" data-align=\"center\"><\/td><\/tr><tr><td>Stoisko\/Stand reklamowy (du\u017ce, \u015brednie, ma\u0142e)<\/td><td class=\"has-text-align-center\" data-align=\"center\">\u2714\ufe0f<br>(d)<\/td><td class=\"has-text-align-center\" data-align=\"center\">\u2714\ufe0f<br>(\u015b)<\/td><td class=\"has-text-align-center\" data-align=\"center\">\u2714\ufe0f<br>(m)<\/td><td class=\"has-text-align-center\" data-align=\"center\"><\/td><\/tr><tr><td>Udzia\u0142 w grze konferencyjnej*<\/td><td class=\"has-text-align-center\" data-align=\"center\">\u2714\ufe0f<\/td><td class=\"has-text-align-center\" data-align=\"center\">\u2714\ufe0f<\/td><td class=\"has-text-align-center\" data-align=\"center\">\u2714\ufe0f<\/td><td class=\"has-text-align-center\" data-align=\"center\"><\/td><\/tr><tr><td>Roll-up<\/td><td class=\"has-text-align-center\" data-align=\"center\">\u2714\ufe0f<\/td><td class=\"has-text-align-center\" data-align=\"center\">\u2714\ufe0f<\/td><td class=\"has-text-align-center\" data-align=\"center\">\u2714\ufe0f<\/td><td class=\"has-text-align-center\" data-align=\"center\"><\/td><\/tr><tr><td>Mo\u017cliwo\u015b\u0107 przeprowadzenia konkursu dla uczestnik\u00f3w<\/td><td class=\"has-text-align-center\" data-align=\"center\">\u2714\ufe0f<\/td><td class=\"has-text-align-center\" data-align=\"center\">\u2714\ufe0f<\/td><td class=\"has-text-align-center\" data-align=\"center\">\u2714\ufe0f<\/td><td class=\"has-text-align-center\" data-align=\"center\"><\/td><\/tr><tr><td>Obecno\u015b\u0107 na stronie \u201eSponsorzy\u201d (logo, opis, link)<\/td><td class=\"has-text-align-center\" data-align=\"center\">\u2714\ufe0f<\/td><td class=\"has-text-align-center\" data-align=\"center\">\u2714\ufe0f<\/td><td class=\"has-text-align-center\" data-align=\"center\">\u2714\ufe0f<\/td><td class=\"has-text-align-center\" data-align=\"center\">\u2714\ufe0f<\/td><\/tr><\/tbody><tfoot><tr><td><strong>KOSZT PAKIETU<\/strong><\/td><td class=\"has-text-align-center\" data-align=\"center\"><strong>18 000 z\u0142<\/strong><\/td><td class=\"has-text-align-center\" data-align=\"center\"><strong>12 000 z\u0142<\/strong><\/td><td class=\"has-text-align-center\" data-align=\"center\"><strong>6 000 z\u0142<\/strong><\/td><td class=\"has-text-align-center\" data-align=\"center\"><strong>500 z\u0142<\/strong><\/td><\/tr><\/tfoot><\/table><figcaption class=\"wp-element-caption\">*Dotyczy sponsor\u00f3w, kt\u00f3rzy b\u0119d\u0105 fizycznie obecni na konferencji przy swoim stoisku. | Dedykowany wpis na blogu \u2013 limit do 2000 znak\u00f3w; artyku\u0142 na bloga powinien z za\u0142o\u017cenia by\u0107 ciekawy dla czytelnik\u00f3w, zastrzegamy sobie prawo do jego odrzucenia, gdy b\u0119dzie zawiera\u0142 sam opis oferty sponsora. <strong>| Wystawiamy faktur\u0119 VAT (zw).<\/strong><\/figcaption><\/figure>\n<\/div>\n<\/div>\n\n\n\n<div class=\"wp-block-buttons is-content-justification-center is-layout-flex wp-container-core-buttons-is-layout-a89b3969 wp-block-buttons-is-layout-flex\">\n<div class=\"wp-block-button\"><a class=\"wp-block-button__link wp-element-button\" href=\"https:\/\/krakow.wordcamp.org\/2024\/sponsorzy\/zostan-sponsorem\/\">Zosta\u0144 sponsorem<\/a><\/div>\n<\/div>\n\n\n\n<div class=\"wp-block-columns alignfull has-background is-layout-flex wp-container-core-columns-is-layout-28f84493 wp-block-columns-is-layout-flex\" style=\"border-radius:5px;background-color:#00769c\">\n<div class=\"wp-block-column has-global-padding is-layout-constrained wp-container-core-column-is-layout-217944eb wp-block-column-is-layout-constrained\" style=\"padding-top:0;padding-bottom:0\">\n<h2 class=\"wp-block-heading has-text-align-center has-base-2-color has-text-color has-link-color wp-elements-2aed5d1b4349e8d69955ce22e99f8830\"><strong>Zosta\u0144 mikrosponsorem<\/strong><\/h2>\n\n\n\n<p class=\"has-base-2-color has-text-color has-link-color wp-elements-09da4aa63931e78ba765204ab6358503\">Oferta sponsorska nie jest skierowana jedynie do \u201cdu\u017cych graczy\u201d. \ud83d\ude09 Przygotowali\u015bmy j\u0105 tak, by ka\u017cdy m\u00f3g\u0142 mie\u0107 sw\u00f3j wk\u0142ad w u\u015bwietnienie naszego wsp\u00f3lnego wydarzenia.<\/p>\n\n\n\n<p class=\"has-base-2-color has-text-color has-link-color wp-elements-f363695a483fcf267d78142ac41598ef\">Mo\u017ce np. pracujesz w software housie i podejrzewasz, \u017ce firma mo\u017ce zyska\u0107 wizerunkowo i networkingowo na spoonsorskiej obecno\u015bci podczas WordCampa? <\/p>\n\n\n\n<p class=\"has-base-2-color has-text-color has-link-color wp-elements-95abdbf8abf66322b044fc1df478d349\">A mo\u017ce sam\/a prowadzisz dzia\u0142alno\u015b\u0107 opart\u0105 o WordPressa i sponsorskie zaanga\u017cowanie b\u0119dzie dla Ciebie form\u0105 wyra\u017cenia swojej wdzi\u0119czno\u015bci za mo\u017cliwo\u015b\u0107 korzystania z WP w pracy z Klientem? Zostaj\u0105c mikrosponsorem Wordcamp Krak\u00f3w 2024 masz mo\u017cliwo\u015b\u0107 dorzuci\u0107 swoj\u0105 cegie\u0142k\u0119 i wesprze\u0107 nasz\u0105, polsk\u0105 spo\u0142eczno\u015b\u0107 WordPressa!<\/p>\n\n\n\n<p class=\"has-base-2-color has-text-color has-link-color wp-elements-f22d00fc6e86d95b7d5743302313ed79\">Ka\u017cdy, kto zakupi bilet mikrosponsora otrzyma mo\u017cliwo\u015b\u0107 umieszczenia podlinkowanego logo na naszej stronie www w zak\u0142adce Sponsorzy.<\/p>\n\n\n\n<div class=\"wp-block-buttons is-content-justification-center is-layout-flex wp-container-core-buttons-is-layout-a89b3969 wp-block-buttons-is-layout-flex\">\n<div class=\"wp-block-button\"><a class=\"wp-block-button__link wp-element-button\" href=\"https:\/\/krakow.wordcamp.org\/2024\/bilety\/?tix_action=attendee_info&amp;tix_tickets_selected[674]=1\">Zosta\u0144 mikrosponsorem<\/a><\/div>\n<\/div>\n<\/div>\n<\/div>\n","protected":false},"excerpt":{"rendered":"<p>Poznaj pakiety Sponsoring WordCampa to doskona\u0142a okazja, by przedstawi\u0107 us\u0142ugi i ofert\u0119 swojej firmy polskiej spo\u0142eczno\u015bci entuzjast\u00f3w WordPressa. PAKIET Z\u0141OTO SREBRO BR\u0104Z MIKROSPONSOR Bilety na WordCamp Krak\u00f3w 12 6 3 1 Logo z linkiem na stronie g\u0142\u00f3wnej \u2714\ufe0f Wzmianka w Radio FAMKA w audycjach promuj\u0105cych WordCamp Krak\u00f3w \u2714\ufe0f Logo w prezentacji mi\u0119dzy prelekcjami \u2714\ufe0f Logo [&hellip;]<\/p>\n","protected":false},"author":21186790,"featured_media":0,"parent":10,"menu_order":0,"comment_status":"closed","ping_status":"closed","template":"","meta":{"jetpack_post_was_ever_published":false,"footnotes":""},"class_list":["post-584","page","type-page","status-publish","hentry"],"jetpack_sharing_enabled":true,"_links":{"self":[{"href":"https:\/\/krakow.wordcamp.org\/2024\/wp-json\/wp\/v2\/pages\/584","targetHints":{"allow":["GET"]}}],"collection":[{"href":"https:\/\/krakow.wordcamp.org\/2024\/wp-json\/wp\/v2\/pages"}],"about":[{"href":"https:\/\/krakow.wordcamp.org\/2024\/wp-json\/wp\/v2\/types\/page"}],"author":[{"embeddable":true,"href":"https:\/\/krakow.wordcamp.org\/2024\/wp-json\/wp\/v2\/users\/21186790"}],"replies":[{"embeddable":true,"href":"https:\/\/krakow.wordcamp.org\/2024\/wp-json\/wp\/v2\/comments?post=584"}],"version-history":[{"count":50,"href":"https:\/\/krakow.wordcamp.org\/2024\/wp-json\/wp\/v2\/pages\/584\/revisions"}],"predecessor-version":[{"id":2973,"href":"https:\/\/krakow.wordcamp.org\/2024\/wp-json\/wp\/v2\/pages\/584\/revisions\/2973"}],"up":[{"embeddable":true,"href":"https:\/\/krakow.wordcamp.org\/2024\/wp-json\/wp\/v2\/pages\/10"}],"wp:attachment":[{"href":"https:\/\/krakow.wordcamp.org\/2024\/wp-json\/wp\/v2\/media?parent=584"}],"curies":[{"name":"wp","href":"https:\/\/api.w.org\/{rel}","templated":true}]}}