{"id":318,"date":"2025-02-11T21:40:59","date_gmt":"2025-02-11T20:40:59","guid":{"rendered":"https:\/\/krakow.wordcamp.org\/2025\/?page_id=318"},"modified":"2025-04-28T16:22:30","modified_gmt":"2025-04-28T14:22:30","slug":"czym-jest-wordcamp","status":"publish","type":"page","link":"https:\/\/krakow.wordcamp.org\/2025\/czym-jest-wordcamp\/","title":{"rendered":"Czym jest WordCamp?"},"content":{"rendered":"\n<p>Zastanawiasz si\u0119, czym jest tak naprawd\u0119 WordCamp? Je\u015bli nigdy nie mia\u0142e\u015b\/a\u015b okazji by\u0107 na tym wydarzeniu, pewnie my\u015blisz sobie, \u017ce WordCamp to jaka\u015b techniczna konferencja.<\/p>\n\n\n\n<p>Masz racj\u0119!<\/p>\n\n\n\n<p>Ale te\u017c jednocze\u015bnie &#8230; jej nie masz \ud83d\ude42<\/p>\n\n\n\n<h2 class=\"wp-block-heading is-style-default has-text-color has-link-color wp-elements-d54e9a73afaa1063dde4ccb57702c58f\" style=\"color:#004c92;padding-top:var(--wp--preset--spacing--20);padding-bottom:0\">Kilka s\u0142\u00f3w o WordCampie<\/h2>\n\n\n\n<p><strong>WordCamp to konferencja u\u017cytkownik\u00f3w WordPressa, kt\u00f3rzy spotykaj\u0105 si\u0119 cyklicznie par\u0119 razy w ci\u0105gu roku w r\u00f3\u017cnych miastach Polski, aby nawi\u0105zywa\u0107 i podtrzymywa\u0107 relacje, nie tylko biznesowe, ale przede wszystkim kole\u017ce\u0144skie &#8211; bo najlepszy biznes robi si\u0119 wtedy, kiedy znasz drug\u0105 stron\u0119. <\/strong><\/p>\n\n\n\n<p>I dlatego WordCamp nie jest konferencj\u0105, na kt\u00f3r\u0105 przyje\u017cd\u017casz z kompletem nowo wydrukowanych wizyt\u00f3wek i wr\u0119czasz je ka\u017cdej napotkanej osobie. Je\u017celi masz taki zwyczaj, to uprzedzamy &#8211; przyje\u017cd\u017caj\u0105c na WordCamp, nie r\u00f3b tego.<\/p>\n\n\n\n<p>Spo\u0142eczno\u015b\u0107 u\u017cytkownik\u00f3w WordPressa to specyficzna spo\u0142eczno\u015b\u0107 &#8211; w bardzo pozytywnym znaczeniu &#8211; bardzo relacyjna, ceni\u0105ca sobie zasady i warto\u015bci. Je\u017celi przyjedziesz pierwszy raz na WordCampa, to z pewno\u015bci\u0105 kto\u015b do Ciebie podejdzie, gdy zauwa\u017cy, \u017ce czujesz si\u0119, jako &#8222;nowy&#8221; czy &#8222;nowa&#8221;, niepewnie. I z pewno\u015bci\u0105 zagada, pomagaj\u0105c Ci si\u0119 szybciej zaaklimatyzowa\u0107.<\/p>\n\n\n\n<p>Bo tak to u nas dzia\u0142a.<\/p>\n\n\n\n<p>Tym bardziej, \u017ce nasza spo\u0142eczno\u015b\u0107 mocno zr\u00f3\u017cnicowana &#8211; czasy, kiedy z WordPressa korzystali g\u0142\u00f3wnie deweloperzy i webasterzy, min\u0119\u0142y bezpowrotnie.<\/p>\n\n\n\n<figure class=\"wp-block-gallery has-nested-images columns-default is-cropped wp-block-gallery-1 is-layout-flex wp-block-gallery-is-layout-flex\">\n<figure class=\"wp-block-image size-large\"><img data-recalc-dims=\"1\" loading=\"lazy\" decoding=\"async\" width=\"1024\" height=\"683\" data-id=\"1126\" src=\"https:\/\/i0.wp.com\/krakow.wordcamp.org\/2025\/files\/2025\/04\/53820125099_134cf16a8b_k-1.jpg?resize=1024%2C683&#038;ssl=1\" alt=\"\" class=\"wp-image-1126\" srcset=\"https:\/\/i0.wp.com\/krakow.wordcamp.org\/2025\/files\/2025\/04\/53820125099_134cf16a8b_k-1.jpg?resize=1024%2C683&amp;ssl=1 1024w, https:\/\/i0.wp.com\/krakow.wordcamp.org\/2025\/files\/2025\/04\/53820125099_134cf16a8b_k-1.jpg?resize=300%2C200&amp;ssl=1 300w, https:\/\/i0.wp.com\/krakow.wordcamp.org\/2025\/files\/2025\/04\/53820125099_134cf16a8b_k-1.jpg?resize=768%2C512&amp;ssl=1 768w, https:\/\/i0.wp.com\/krakow.wordcamp.org\/2025\/files\/2025\/04\/53820125099_134cf16a8b_k-1.jpg?resize=450%2C300&amp;ssl=1 450w, https:\/\/i0.wp.com\/krakow.wordcamp.org\/2025\/files\/2025\/04\/53820125099_134cf16a8b_k-1.jpg?resize=1536%2C1024&amp;ssl=1 1536w, https:\/\/i0.wp.com\/krakow.wordcamp.org\/2025\/files\/2025\/04\/53820125099_134cf16a8b_k-1.jpg?w=2047&amp;ssl=1 2047w\" sizes=\"auto, (max-width: 1000px) 100vw, 1000px\" \/><\/figure>\n\n\n\n<figure class=\"wp-block-image size-large\"><img data-recalc-dims=\"1\" loading=\"lazy\" decoding=\"async\" width=\"1024\" height=\"683\" data-id=\"1127\" src=\"https:\/\/i0.wp.com\/krakow.wordcamp.org\/2025\/files\/2025\/04\/53820234715_592a52e27e_k.jpg?resize=1024%2C683&#038;ssl=1\" alt=\"\" class=\"wp-image-1127\" srcset=\"https:\/\/i0.wp.com\/krakow.wordcamp.org\/2025\/files\/2025\/04\/53820234715_592a52e27e_k.jpg?resize=1024%2C683&amp;ssl=1 1024w, https:\/\/i0.wp.com\/krakow.wordcamp.org\/2025\/files\/2025\/04\/53820234715_592a52e27e_k.jpg?resize=300%2C200&amp;ssl=1 300w, https:\/\/i0.wp.com\/krakow.wordcamp.org\/2025\/files\/2025\/04\/53820234715_592a52e27e_k.jpg?resize=768%2C512&amp;ssl=1 768w, https:\/\/i0.wp.com\/krakow.wordcamp.org\/2025\/files\/2025\/04\/53820234715_592a52e27e_k.jpg?resize=450%2C300&amp;ssl=1 450w, https:\/\/i0.wp.com\/krakow.wordcamp.org\/2025\/files\/2025\/04\/53820234715_592a52e27e_k.jpg?resize=1536%2C1025&amp;ssl=1 1536w, https:\/\/i0.wp.com\/krakow.wordcamp.org\/2025\/files\/2025\/04\/53820234715_592a52e27e_k.jpg?w=2048&amp;ssl=1 2048w\" sizes=\"auto, (max-width: 1000px) 100vw, 1000px\" \/><\/figure>\n<\/figure>\n\n\n\n<h2 class=\"wp-block-heading has-text-color has-link-color wp-elements-db6c181f648fb1328829b35166bd8d1e\" style=\"color:#004c92;padding-top:var(--wp--preset--spacing--20)\">WordCamp si\u0119 zmienia &#8211; WordPress dla wszystkich<\/h2>\n\n\n\n<p>Obecnie zdecydowana wi\u0119kszo\u015b\u0107 os\u00f3b korzysta z WordPressa jako normalni u\u017cytkownicy, nie koduj\u0105c nic, ale wprowadzaj\u0105c na stron\u0119 informacje (opisy produkt\u00f3w, us\u0142ug, pisz\u0105c bloga itp.). <\/p>\n\n\n\n<p>I dlatego WordCampy odwiedzaj\u0105 nas osoby z przer\u00f3\u017cnych obszar\u00f3w dzia\u0142alno\u015bci &#8211; w\u0142a\u015bciciele biznes\u00f3w, osoby, kt\u00f3re im pomagaj\u0105, jak np. wirtualne asystentki czy osoby odpowiedzialne za optymalizacj\u0119 proces\u00f3w organizacyjnych w firmach. Nie zapominaj\u0105c o tych, kt\u00f3rzy s\u0105 niejako \u0142\u0105cznikami mi\u0119dzy tymi osobami, a deweloperami i webmasterami &#8211; czyli graficy, specjali\u015bci od UX\/UI, project managerowie itp. <a href=\"https:\/\/krakow.wordcamp.org\/2024\/wordcamp-krakow-2024-bedzie-inny\/\">Napisali\u015bmy o tym osobny wpis, kt\u00f3rego lektur\u0119 bardzo Ci polecamy<\/a>.<\/p>\n\n\n\n<p>I dlatego <strong>dzisiejsze WordCampy k\u0142ad\u0105 du\u017cy nacisk na tematy oko\u0142obiznesowe.<\/strong><\/p>\n\n\n\n<p>Co nie znaczy, \u017ce osoby, kt\u00f3re tworz\u0105 ekosystem WordPressa, b\u0119d\u0105 czu\u0142y si\u0119 &#8222;samotne&#8221;. <\/p>\n\n\n\n<p>Na nich czekaj\u0105 takie tematy, jak:<\/p>\n\n\n\n<ul class=\"wp-block-list\">\n<li><a href=\"https:\/\/krakow.wordcamp.org\/2025\/session\/czy-saas-powinien-miec-wtyczke-do-wordpressa\/\">Czy SaaS powinien mie\u0107 wtyczk\u0119 do WordPressa?<\/a><\/li>\n\n\n\n<li><a href=\"https:\/\/krakow.wordcamp.org\/2025\/session\/web-development-w-czasach-ai-kiedy-pomaga-a-kiedy-szkodzi\/\">Web Development w czasach AI \u2013 kiedy pomaga a kiedy szkodzi?<\/a><\/li>\n\n\n\n<li><a href=\"https:\/\/krakow.wordcamp.org\/2025\/session\/nie-daj-sie-oszukac-podstawy-walidacji-danych-w-wordpress\/\">Nie Daj Si\u0119 Oszuka\u0107: Podstawy Walidacji Danych w WordPress<\/a><\/li>\n\n\n\n<li>i wiele, wiele innych&#8230;<\/li>\n<\/ul>\n\n\n\n<p>Dodajmy do tego jeszcze warsztaty, po\u015bwi\u0119cone budowie stron opartych na WordPressie (techniczne tematy) czy poruszaj\u0105ce zagadnienia natury prawnej i analizy danych (biznes) wida\u0107 wyra\u017anie, jak te dwa \u015bwiaty, os\u00f3b, kt\u00f3re tworz\u0105 strony oraz os\u00f3b, kt\u00f3re z nich korzystaj\u0105, przenikaj\u0105 si\u0119 mocno.<\/p>\n\n\n\n<p>To dzieje si\u0119 podczas drugiego (sobota) i trzeciego (niedziela) dnia WordCampa.<\/p>\n\n\n\n<p>Po wi\u0119cej informacji <strong><a href=\"https:\/\/krakow.wordcamp.org\/2025\/agenda\/\" data-type=\"page\" data-id=\"8\">sprawd\u017a agend\u0119<\/a><\/strong> i zobacz, kto b\u0119dzie wyst\u0119powa\u0142 na scenie na naszych trzech \u015bcie\u017ckach oraz warsztatach &#8211; lista prelegent\u00f3w jeszcze nie jest pe\u0142na, ale te\u017c powinna zosta\u0107 domkni\u0119ta do po\u0142owy maja, jak domkniemy formalno\u015bci organizacyjne.<\/p>\n\n\n\n<p>Jednak magia dzieje si\u0119 te\u017c i podczas pierwszego dnia.<\/p>\n\n\n\n<h2 class=\"wp-block-heading has-text-color has-link-color wp-elements-506797df272a7611861b9ff4106b0161\" style=\"color:#004c92;padding-top:var(--wp--preset--spacing--20);padding-bottom:0\">Contributor Day<\/h2>\n\n\n\n<p>W pi\u0105tek cz\u0119\u015b\u0107 os\u00f3b (oko\u0142o dwa\/trzy tygodnie przed rozpocz\u0119ciem otwieramy zapisy na zaj\u0119cia w tym dniu) ma mo\u017cliwo\u015b\u0107 do\u0142o\u017cy\u0107 swoj\u0105 cegie\u0142k\u0119 do rozwoju WordPressa, pracuj\u0105c pod okiem specjalist\u00f3w nad jego corem czy t\u0142umacz\u0105c popularne w Polsce wtyczki (najcz\u0119\u015bciej angloj\u0119zyczne) na polski j\u0119zyk &#8211; po to, aby u\u0142atwi\u0107 prac\u0119 z WordPressem jego zwyk\u0142ym u\u017cytkownikom.<\/p>\n\n\n\n<p><strong>To wszystko dzieje si\u0119 w ramach tzw. Constributor Day.<\/strong><\/p>\n\n\n\n<p>Jednak brakowa\u0142o mi &#8222;zaopiekowania si\u0119&#8221; osobami, kt\u00f3re dopiero stawiaj\u0105 pierwsze kroki w ekosystemie WordPressa &#8211; lub te\u017c ju\u017c na nim dzia\u0142aj\u0105, ale czuj\u0105, \u017ce potrzebuj\u0105 od\u015bwie\u017cy\u0107 sobie pewne informacje.<\/p>\n\n\n\n<p>I dlatego, aby postawi\u0107 mocny pomost pomi\u0119dzy nimi a &#8222;starymi wyjadaczami&#8221;, planujemy zorganizowa\u0107 w pi\u0105tek Akademi\u0119 WordPressa.<\/p>\n\n\n\n<figure class=\"wp-block-gallery has-nested-images columns-default is-cropped wp-block-gallery-2 is-layout-flex wp-block-gallery-is-layout-flex\">\n<figure class=\"wp-block-image size-large\"><img data-recalc-dims=\"1\" loading=\"lazy\" decoding=\"async\" width=\"1024\" height=\"683\" data-id=\"1128\" src=\"https:\/\/i0.wp.com\/krakow.wordcamp.org\/2025\/files\/2025\/04\/53818865767_b1be1ed2fa_k.jpg?resize=1024%2C683&#038;ssl=1\" alt=\"\" class=\"wp-image-1128\" srcset=\"https:\/\/i0.wp.com\/krakow.wordcamp.org\/2025\/files\/2025\/04\/53818865767_b1be1ed2fa_k.jpg?resize=1024%2C683&amp;ssl=1 1024w, https:\/\/i0.wp.com\/krakow.wordcamp.org\/2025\/files\/2025\/04\/53818865767_b1be1ed2fa_k.jpg?resize=300%2C200&amp;ssl=1 300w, https:\/\/i0.wp.com\/krakow.wordcamp.org\/2025\/files\/2025\/04\/53818865767_b1be1ed2fa_k.jpg?resize=768%2C512&amp;ssl=1 768w, https:\/\/i0.wp.com\/krakow.wordcamp.org\/2025\/files\/2025\/04\/53818865767_b1be1ed2fa_k.jpg?resize=450%2C300&amp;ssl=1 450w, https:\/\/i0.wp.com\/krakow.wordcamp.org\/2025\/files\/2025\/04\/53818865767_b1be1ed2fa_k.jpg?resize=1536%2C1024&amp;ssl=1 1536w, https:\/\/i0.wp.com\/krakow.wordcamp.org\/2025\/files\/2025\/04\/53818865767_b1be1ed2fa_k.jpg?w=2048&amp;ssl=1 2048w\" sizes=\"auto, (max-width: 1000px) 100vw, 1000px\" \/><\/figure>\n\n\n\n<figure class=\"wp-block-image size-large\"><img data-recalc-dims=\"1\" loading=\"lazy\" decoding=\"async\" width=\"1024\" height=\"683\" data-id=\"1129\" src=\"https:\/\/i0.wp.com\/krakow.wordcamp.org\/2025\/files\/2025\/04\/53820033328_5b86258809_k.jpg?resize=1024%2C683&#038;ssl=1\" alt=\"\" class=\"wp-image-1129\" srcset=\"https:\/\/i0.wp.com\/krakow.wordcamp.org\/2025\/files\/2025\/04\/53820033328_5b86258809_k.jpg?resize=1024%2C683&amp;ssl=1 1024w, https:\/\/i0.wp.com\/krakow.wordcamp.org\/2025\/files\/2025\/04\/53820033328_5b86258809_k.jpg?resize=300%2C200&amp;ssl=1 300w, https:\/\/i0.wp.com\/krakow.wordcamp.org\/2025\/files\/2025\/04\/53820033328_5b86258809_k.jpg?resize=768%2C512&amp;ssl=1 768w, https:\/\/i0.wp.com\/krakow.wordcamp.org\/2025\/files\/2025\/04\/53820033328_5b86258809_k.jpg?resize=450%2C300&amp;ssl=1 450w, https:\/\/i0.wp.com\/krakow.wordcamp.org\/2025\/files\/2025\/04\/53820033328_5b86258809_k.jpg?resize=1536%2C1024&amp;ssl=1 1536w, https:\/\/i0.wp.com\/krakow.wordcamp.org\/2025\/files\/2025\/04\/53820033328_5b86258809_k.jpg?w=2047&amp;ssl=1 2047w\" sizes=\"auto, (max-width: 1000px) 100vw, 1000px\" \/><\/figure>\n<\/figure>\n\n\n\n<h2 class=\"wp-block-heading has-text-color has-link-color wp-elements-5b07f1d80141684538d017d69d67d74b\" style=\"color:#004c92;padding-top:var(--wp--preset--spacing--20)\">Akademia WordPressa<\/h2>\n\n\n\n<p>Akademia WordPressa b\u0119dzie cyklem wyk\u0142ad\u00f3w nastawionych na pocz\u0105tkuj\u0105cych u\u017cytkownik\u00f3w, aby poznali oni zasady, kt\u00f3rymi nale\u017cy si\u0119 kierowa\u0107, aby &#8222;wycisn\u0105\u0107&#8221; z WordPressa jak najwi\u0119cej, a jednocze\u015bnie sprawi\u0107, aby strona na nim postawiona by\u0142a szybka oraz zabezpieczona przed w\u0142amaniami.<\/p>\n\n\n\n<p>Dodatkowo poruszymy tematy biznesowe oraz prawne, aby taka strona spe\u0142nia\u0142a cel, dla jakiego zosta\u0142a postawiona.<\/p>\n\n\n\n<p>To sprawi, \u017ce pierwszy dzie\u0144 WordCampa, czyli pi\u0105tek, do tej pory zarezerwowany dla w\u0105skiego grona specjalist\u00f3w, b\u0119dzie bardziej &#8222;licznym&#8221; :).<\/p>\n\n\n\n<p>Ale to nie wszystko &#8211; na WordCampie pojawi si\u0119 co\u015b jeszcze.<\/p>\n\n\n\n<h2 class=\"wp-block-heading has-text-color has-link-color wp-elements-85a37a84d25ff7e28227f98353ca028d\" style=\"color:#004c92;padding-top:var(--wp--preset--spacing--20)\">Stoliki tematyczne<\/h2>\n\n\n\n<p>Podczas WordCampa przewidujemy du\u017co czasu na networking &#8211; napisa\u0142em na pocz\u0105tku, \u017ce wiele os\u00f3b przyje\u017cd\u017ca dla podtrzymania starych oraz zbudowania nowych relacji.<\/p>\n\n\n\n<p>Jednak jak zach\u0119ci\u0107 do wymiany do\u015bwiadcze\u0144? Jak sprawi\u0107, aby osoba, kt\u00f3ra jest pierwszy raz lub te\u017c ma jaki\u015b problem zwi\u0105zany z prowadzeniem firmy czy strony opartej na WordPressie, uzyska\u0142a rozwi\u0105zanie, nie zastanawiaj\u0105c si\u0119, kogo poprosi\u0107 o pomoc?<\/p>\n\n\n\n<p>Znale\u017ali\u015bmy i na to rozwi\u0105zanie.<\/p>\n\n\n\n<p>Temu celowi b\u0119d\u0105 s\u0142u\u017cy\u0142y stoliki tematyczne, przy kt\u00f3rych dy\u017cury b\u0119d\u0105 pe\u0142nili specjali\u015bci z danego zagadnienia. B\u0119dzie mo\u017cna do nich podej\u015b\u0107 i porozmawia\u0107, uzyskuj\u0105c odpowied\u017a na nurtuj\u0105ce pytania.<\/p>\n\n\n\n<p>B\u0119dzie si\u0119 dzia\u0142o \ud83d\ude42<\/p>\n\n\n\n<h2 class=\"wp-block-heading\">Middle Party<\/h2>\n\n\n\n<p>Po intensywnym dniu inspiruj\u0105cych prelekcji i networkingu, czas na relaks i jeszcze wi\u0119cej cennych rozm\u00f3w! Do\u0142\u0105cz do legendarnego Middle Party WordCampa Krak\u00f3w, gdzie w nieformalnej atmosferze rodz\u0105 si\u0119 nowe pomys\u0142y i wsp\u00f3\u0142prace. Kontynuujmy tradycj\u0119 integracji, kt\u00f3ra niejednokrotnie zaowocowa\u0142a fantastycznymi projektami. <\/p>\n\n\n\n<figure class=\"wp-block-gallery has-nested-images columns-default is-cropped wp-block-gallery-3 is-layout-flex wp-block-gallery-is-layout-flex\">\n<figure class=\"wp-block-image size-large\"><img data-recalc-dims=\"1\" loading=\"lazy\" decoding=\"async\" width=\"1024\" height=\"683\" data-id=\"1487\" src=\"https:\/\/i0.wp.com\/krakow.wordcamp.org\/2025\/files\/2025\/04\/53819783891_206e647373_k.jpg?resize=1024%2C683&#038;ssl=1\" alt=\"\" class=\"wp-image-1487\" srcset=\"https:\/\/i0.wp.com\/krakow.wordcamp.org\/2025\/files\/2025\/04\/53819783891_206e647373_k.jpg?resize=1024%2C683&amp;ssl=1 1024w, https:\/\/i0.wp.com\/krakow.wordcamp.org\/2025\/files\/2025\/04\/53819783891_206e647373_k.jpg?resize=300%2C200&amp;ssl=1 300w, https:\/\/i0.wp.com\/krakow.wordcamp.org\/2025\/files\/2025\/04\/53819783891_206e647373_k.jpg?resize=768%2C512&amp;ssl=1 768w, https:\/\/i0.wp.com\/krakow.wordcamp.org\/2025\/files\/2025\/04\/53819783891_206e647373_k.jpg?resize=450%2C300&amp;ssl=1 450w, https:\/\/i0.wp.com\/krakow.wordcamp.org\/2025\/files\/2025\/04\/53819783891_206e647373_k.jpg?resize=1536%2C1024&amp;ssl=1 1536w, https:\/\/i0.wp.com\/krakow.wordcamp.org\/2025\/files\/2025\/04\/53819783891_206e647373_k.jpg?w=2047&amp;ssl=1 2047w\" sizes=\"auto, (max-width: 1000px) 100vw, 1000px\" \/><\/figure>\n\n\n\n<figure class=\"wp-block-image size-large\"><img data-recalc-dims=\"1\" loading=\"lazy\" decoding=\"async\" width=\"1024\" height=\"683\" data-id=\"1490\" src=\"https:\/\/i0.wp.com\/krakow.wordcamp.org\/2025\/files\/2025\/04\/53820227575_ec4e040abe_k.jpg?resize=1024%2C683&#038;ssl=1\" alt=\"\" class=\"wp-image-1490\" srcset=\"https:\/\/i0.wp.com\/krakow.wordcamp.org\/2025\/files\/2025\/04\/53820227575_ec4e040abe_k.jpg?resize=1024%2C683&amp;ssl=1 1024w, https:\/\/i0.wp.com\/krakow.wordcamp.org\/2025\/files\/2025\/04\/53820227575_ec4e040abe_k.jpg?resize=300%2C200&amp;ssl=1 300w, https:\/\/i0.wp.com\/krakow.wordcamp.org\/2025\/files\/2025\/04\/53820227575_ec4e040abe_k.jpg?resize=768%2C512&amp;ssl=1 768w, https:\/\/i0.wp.com\/krakow.wordcamp.org\/2025\/files\/2025\/04\/53820227575_ec4e040abe_k.jpg?resize=450%2C300&amp;ssl=1 450w, https:\/\/i0.wp.com\/krakow.wordcamp.org\/2025\/files\/2025\/04\/53820227575_ec4e040abe_k.jpg?resize=1536%2C1024&amp;ssl=1 1536w, https:\/\/i0.wp.com\/krakow.wordcamp.org\/2025\/files\/2025\/04\/53820227575_ec4e040abe_k.jpg?w=2048&amp;ssl=1 2048w\" sizes=\"auto, (max-width: 1000px) 100vw, 1000px\" \/><\/figure>\n<\/figure>\n\n\n\n<p>Szczeg\u00f3\u0142y dotycz\u0105ce tego wydarzenia znajdziesz tutaj:<\/p>\n\n\n\n<div class=\"wp-block-buttons is-layout-flex wp-block-buttons-is-layout-flex\">\n<div class=\"wp-block-button\"><a class=\"wp-block-button__link has-background wp-element-button\" href=\"https:\/\/krakow.wordcamp.org\/2025\/9-middle-party\/\" style=\"background-color:#004c92\">Wi\u0119cej o Middle Party<\/a><\/div>\n<\/div>\n\n\n\n<div style=\"height:40px\" aria-hidden=\"true\" class=\"wp-block-spacer\"><\/div>\n\n\n\n<p>PS<\/p>\n\n\n\n<p>Takie s\u0105 WordCampy. Tak to wygl\u0105da w telegraficznym skr\u00f3cie.<\/p>\n\n\n\n<p>Nie da si\u0119 jednak tego opisa\u0107 zbyt dobrze s\u0142owami; trzeba tu by\u0107 i poczu\u0107 t\u0119 atmosfer\u0119.<\/p>\n\n\n\n<p>Zobacz <a href=\"https:\/\/krakow.wordcamp.org\/2024\/galeria-zdjec\/\">galeri\u0119 zdj\u0119\u0107 z zesz\u0142ego roku<\/a> (jest ich 1000+!) oraz reporta\u017c &#8211; to dotkniesz &#8222;troch\u0119&#8221; klimatu WordCampa \ud83d\ude42<\/p>\n\n\n\n<figure class=\"wp-block-embed is-type-video is-provider-youtube wp-block-embed-youtube wp-embed-aspect-16-9 wp-has-aspect-ratio\"><div class=\"wp-block-embed__wrapper\">\n<span class=\"embed-youtube\" style=\"text-align:center; display: block;\"><iframe loading=\"lazy\" class=\"youtube-player\" width=\"640\" height=\"360\" src=\"https:\/\/www.youtube.com\/embed\/vbWh4Etflkc?version=3&#038;rel=1&#038;showsearch=0&#038;showinfo=1&#038;iv_load_policy=1&#038;fs=1&#038;hl=pl-PL&#038;autohide=2&#038;wmode=transparent\" allowfullscreen=\"true\" style=\"border:0;\" sandbox=\"allow-scripts allow-same-origin allow-popups allow-presentation allow-popups-to-escape-sandbox\"><\/iframe><\/span>\n<\/div><\/figure>\n\n\n\n<p>A wtedy magia sama si\u0119 zadzieje.<\/p>\n\n\n\n<p>To co, <strong>masz ju\u017c sw\u00f3j bilet?<\/strong> \ud83d\ude42 <br><strong>Wesprzyj nasz\u0105 spo\u0142eczno\u015b\u0107 oraz wydarzenie, kupuj\u0105c Bilet Mikrosponsora<\/strong>.<\/p>\n\n\n\n<div class=\"wp-block-buttons is-layout-flex wp-block-buttons-is-layout-flex\">\n<div class=\"wp-block-button\"><a class=\"wp-block-button__link has-background wp-element-button\" style=\"background-color:#004c92\">Kup bilet <\/a><\/div>\n<\/div>\n\n\n\n<p>Do zobaczenia w Krakowie!<\/p>\n","protected":false},"excerpt":{"rendered":"<p>Zastanawiasz si\u0119, czym jest tak naprawd\u0119 WordCamp? Je\u015bli nigdy nie mia\u0142e\u015b\/a\u015b okazji by\u0107 na tym wydarzeniu, pewnie my\u015blisz sobie, \u017ce WordCamp to jaka\u015b techniczna konferencja. Masz racj\u0119! Ale te\u017c jednocze\u015bnie &#8230; jej nie masz \ud83d\ude42 Kilka s\u0142\u00f3w o WordCampie WordCamp to konferencja u\u017cytkownik\u00f3w WordPressa, kt\u00f3rzy spotykaj\u0105 si\u0119 cyklicznie par\u0119 razy w ci\u0105gu roku w r\u00f3\u017cnych [&hellip;]<\/p>\n","protected":false},"author":16129975,"featured_media":323,"parent":0,"menu_order":0,"comment_status":"closed","ping_status":"closed","template":"","meta":{"jetpack_post_was_ever_published":false,"footnotes":""},"class_list":["post-318","page","type-page","status-publish","has-post-thumbnail","hentry"],"jetpack_sharing_enabled":true,"_links":{"self":[{"href":"https:\/\/krakow.wordcamp.org\/2025\/wp-json\/wp\/v2\/pages\/318","targetHints":{"allow":["GET"]}}],"collection":[{"href":"https:\/\/krakow.wordcamp.org\/2025\/wp-json\/wp\/v2\/pages"}],"about":[{"href":"https:\/\/krakow.wordcamp.org\/2025\/wp-json\/wp\/v2\/types\/page"}],"author":[{"embeddable":true,"href":"https:\/\/krakow.wordcamp.org\/2025\/wp-json\/wp\/v2\/users\/16129975"}],"replies":[{"embeddable":true,"href":"https:\/\/krakow.wordcamp.org\/2025\/wp-json\/wp\/v2\/comments?post=318"}],"version-history":[{"count":9,"href":"https:\/\/krakow.wordcamp.org\/2025\/wp-json\/wp\/v2\/pages\/318\/revisions"}],"predecessor-version":[{"id":1099,"href":"https:\/\/krakow.wordcamp.org\/2025\/wp-json\/wp\/v2\/pages\/318\/revisions\/1099"}],"wp:featuredmedia":[{"embeddable":true,"href":"https:\/\/krakow.wordcamp.org\/2025\/wp-json\/wp\/v2\/media\/323"}],"wp:attachment":[{"href":"https:\/\/krakow.wordcamp.org\/2025\/wp-json\/wp\/v2\/media?parent=318"}],"curies":[{"name":"wp","href":"https:\/\/api.w.org\/{rel}","templated":true}]}}